. Determine p(13).
992
Let i(f) = -351*f**2 + 1052*f + 2. Give i(3).
-1
Let k(t) = -42*t - 571. Determine k(-14).
17
Let c(y) = y**2 - 15*y - 1160. What is c(42)?
-26
Let z(w) = -w**3 + 8*w**2 + 20*w - 6. What is z(10)?
-6
Let y(o) = -o**3 - 12*o**2 - 8*o + 19. Give y(-7).
-170
Let q(d) = 13*d**2 - 105*d - 4. Give q(4).
-216
Let o(s) = -21*s**2 + 121*s - 7. Give o(5).
73
Let c(q) = -88*q - 133. Calculate c(-5).
307
Let t(y) = -y**3 + 20*y**2 - 104*y + 443. What is t(15)?
8
Let t(n) = n**3 - 21*n**2 - 21*n - 64. Give t(22).
-42
Let d(h) = -21*h**3 + 7*h**2 + 1. Calculate d(-1).
29
Let f(o) = -20*o - 117. Calculate f(1).
-137
Let s(h) = h**3 - 10*h**2 + 10*h - 6. What is s(8)?
-54
Let t(z) = -35*z - 331. Calculate t(-9).
-16
Let t(u) = 458*u - 8235. Determine t(18).
9
Let v(x) = -371*x + 1467. Calculate v(4).
-17
Let f(r) = -2966*r - 68209. Calculate f(-23).
9
Let i(v) = -v**3 + 12*v**2 - 4*v - 34. Determine i(10).
126
Let f(n) = -n**3 + 12*n**2 - 4*n - 55. Determine f(3).
14
Let j(t) = -t**3 + 5*t**2 - t + 6. Determine j(5).
1
Let y(p) = -1406*p - 2944. Calculate y(-2).
-132
Let z(v) = 77*v - 1137. Calculate z(14).
-59
Let f(g) = -13*g**2 - 77*g + 95. Determine f(1).
5
Let b(y) = -18*y**2 - 49*y + 1. Give b(-5).
-204
Let i(r) = -2*r**3 + 19*r**2 - 53*r + 629. Determine i(10).
-1
Let b(q) = 50*q + 293. What is b(5)?
543
Let x(f) = -149*f - 1809. Give x(-12).
-21
Let b(x) = 19*x - 571. Determine b(30).
-1
Let s(f) = -165*f + 1179. Determine s(4).
519
Let x(z) = z**3 + 63*z**2 + 66*z + 286. Determine x(-62).
38
Let u(y) = 241*y**2 + 22*y + 21. Determine u(-1).
240
Let p(c) = -166*c + 1685. Give p(9).
191
Let v(x) = 381*x + 78. Determine v(-2).
-684
Let i(w) = -w**3 + 22*w**2 + 72*w + 3. Calculate i(-3).
12
Let q(g) = -2*g**2 - 125*g - 722. Give q(-56).
6
Let p(h) = -21*h**2 - 204*h + 65. Calculate p(-10).
5
Let g(t) = -t**3 - 4*t**2 + 7*t - 9. Determine g(5).
-199
Let h(a) = -275*a - 5224. Calculate h(-19).
1
Let f(d) = -2*d**2 - 80*d - 30. Give f(-39).
48
Let q(f) = -23*f + 356. Give q(16).
-12
Let x(p) = -149*p - 758. What is x(-5)?
-13
Let d(m) = -233*m - 53. Determine d(0).
-53
Let x(r) = 2*r**3 + 19*r**2 + 44*r + 308. Determine x(-9).
-7
Let s(y) = -y**3 + 62*y**2 + 31*y - 5615. Calculate s(61).
-3
Let l(m) = 2*m**2 + 83*m - 213. What is l(-44)?
7
Let f(g) = -2*g**3 - 21*g**2 + 11*g - 160. What is f(-11)?
-160
Let n(q) = -q**2 - 58*q + 830. Give n(12).
-10
Let t(u) = u**3 - 15*u**2 + 92*u - 236. Give t(5).
-26
Let k(r) = -5*r**3 + 4*r**2 + 8*r + 5. Give k(-3).
152
Let t(v) = 2*v**2 + 53*v - 296. What is t(-32)?
56
Let k(r) = -78*r - 28. What is k(-1)?
50
Let h(w) = -w**2 + 33*w - 248. Determine h(21).
4
Let i(b) = 40*b**2 + 918*b - 70. Calculate i(-23).
-24
Let y(d) = 4*d**3 - 87*d**2 - 26*d + 82. Calculate y(22).
-6
Let v(p) = p**2 + 19*p - 633. Calculate v(-35).
-73
Let k(q) = -2078*q - 170390. Give k(-82).
6
Let i(a) = 7*a**2 + 205*a + 52. Give i(-29).
-6
Let g(n) = -n**2 + 20*n - 17. What is g(19)?
2
Let t(p) = -334*p - 2510. Determine t(-7).
-172
Let n(f) = 4*f - 35. Determine n(-7).
-63
Let g(i) = 4*i**2 - 5*i + 27. What is g(6)?
141
Let v(k) = 45*k - 3514. Give v(78).
-4
Let l(n) = -5*n**3 - 365*n**2 + 368*n - 137. Determine l(-74).
11
Let y(i) = 18*i + 44. What is y(7)?
170
Let o(u) = 2*u**2 - 7*u - 37. What is o(5)?
-22
Let d(v) = 98*v - 12332. Determine d(126).
16
Let o(a) = 2*a**3 + 9*a**2 - 26*a - 179. Determine o(-6).
-131
Let m(w) = w**2 - 34*w + 244. Determine m(26).
36
Let p(g) = -72*g + 204. Determine p(8).
-372
Let o(w) = 3*w**2 - 93*w - 63. Determine o(31).
-63
Let w(r) = 168*r + 31591. Give w(-188).
7
Let g(r) = r**2 + 12*r + 28. Give g(-4).
-4
Let s(p) = -p**3 + 8*p**2 + 14*p + 53. Calculate s(0).
53
Let v(o) = -13997*o + 111975. Determine v(8).
-1
Let b(z) = z**3 - 75*z**2 + 139*z + 410. Calculate b(73).
-101
Let a(j) = 32*j**3 - 321*j**2 + 7*j + 25. Give a(10).
-5
Let b(z) = -5*z - 387. Calculate b(19).
-482
Let m(v) = -65*v + 1122. Give m(17).
17
Let n(g) = 90*g - 3. Calculate n(-3).
-273
Let v(x) = x**2 - 14*x - 3083. Give v(63).
4
Let w(f) = -285*f - 2942. Calculate w(-10).
-92
Let z(o) = 3*o**2 + 274*o - 210. What is z(-92)?
-26
Let p(k) = -k**3 + 29*k - 38. What is p(-6)?
4
Let c(q) = q**3 - 9*q**2 - 11*q + 17. Calculate c(8).
-135
Let g(r) = -r**2 - 16*r + 209. What is g(-20)?
129
Let m(t) = -2*t**2 + 71*t + 96. What is m(40)?
-264
Let z(o) = -77*o - 40. Determine z(-5).
345
Let w(c) = c**2 + 55*c - 736. Calculate w(-66).
-10
Let w(n) = n**3 - 39*n**2 - 32*n + 3904. What is w(37)?
-18
Let i(a) = -a**2 - 106*a - 494. Calculate i(-5).
11
Let y(i) = i**2 + 545*i - 3879. Determine y(7).
-15
Let n(o) = -o**2 + 228*o + 2137. Give n(-9).
4
Let v(g) = -117*g - 179. Determine v(4).
-647
Let m(a) = 2*a**3 - 27*a**2 - 7*a + 34. Calculate m(12).
-482
Let h(g) = -g**3 - 12*g**2 - 4*g - 28. What is h(-12)?
20
Let s(b) = -25*b - 1492. Determine s(-60).
8
Let a(j) = -2*j**2 + 43*j - 51. Give a(15).
144
Let w(p) = 10*p**2 - 39*p + 69. What is w(2)?
31
Let c(j) = 2*j**2 - 39*j + 136. Give c(15).
1
Let j(a) = -a**2 + 12*a - 36. What is j(14)?
-64
Let m(t) = -65*t**2 - 391*t + 10. Determine m(-6).
16
Let z(j) = -j**3 + 25*j**2 + 5*j + 11. Calculate z(-3).
248
Let a(b) = -b**3 + 88*b**2 - 74*b - 234. Give a(87).
897
Let u(r) = 2*r**2 - 29*r - 417. What is u(0)?
-417
Let z(o) = o**3 + 50*o**2 + 553*o + 110. What is z(-16)?
-34
Let c(n) = 193*n + 1919. Give c(-10).
-11
Let y(r) = -28*r + 17. Give y(2).
-39
Let w(v) = -v**3 - 87*v**2 + 182*v + 183. What is w(-89)?
-173
Let l(t) = -t**3 - 3*t**2 - 3*t + 9. Calculate l(6).
-333
Let t(a) = a**3 + 10*a**2 - 4*a + 44. What is t(-11)?
-33
Let d(l) = -9*l + 179. Determine d(15).
44
Let v(r) = -r**3 - 6*r**2 + 1019*r + 158. Give v(-35).
18
Let u(i) = -i**3 - 30*i**2 + 63*i - 134. Give u(-32).
-102
Let y(d) = -13*d**2 + 118*d + 126. What is y(10)?
6
Let p(k) = k**2 + 28*k - 37. Calculate p(0).
-37
Let o(m) = -513*m - 247. Calculate o(0).
-247
Let i(j) = -j**3 + 12*j**2 - 437*j + 5808. Calculate i(13).
-42
Let o(b) = 1673*b - 6693. What is o(4)?
-1
Let m(f) = f**3 - 9*f**2 - 29*f + 193. Determine m(10).
3
Let f(v) = -7*v**2 + 159*v - 881. What is f(13)?
3
Let z(o) = 10*o - 255. What is z(27)?
15
Let p(j) = j**3 - 30*j**2 + 208*j + 7. Calculate p(11).
-4
Let r(w) = -w**2 + 479*w + 20206. Calculate r(-39).
4
Let u(h) = -4*h**2 - 14*h + 37. Determine u(2).
-7
Let o(i) = -i**3 - 111*i**2 - 2194*i + 1366. Calculate o(-85).
6
Let u(s) = 114*s + 507. What is u(5)?
1077
Let v(w) = -w**2 + 2*w + 132. Determine v(-12).
-36
Let f(p) = -p**2 + 56*p - 617. Calculate f(17).
46
Let d(q) = -q**3 + 19*q**2 + 61*q + 69. Determine d(22).
-41
Let m(h) = h**3 + 42*h**2 - 62*h - 824. Give m(-43).
-7
Let s(z) = -z**3 - 9*z**2 - 27*z - 12. Calculate s(-4).
16
Let j(z) = -23650*z + 141896. What is j(6)?
-4
Let r(c) = 32*c + 2820. Determine r(-99).
-348
Let t(j) = -j**3 - 35*j**2 - 3*j - 85. What is t(-35)?
20
Let u(f) = -6*f**3 - 3*f**2 + 20*f + 24. Determine u(-1).
7
Let o(w) = -569*w + 22185. Give o(39).
-6
Let f(u) = 16*u + 15. Determine f(-10).
-145
Let i(h) = h**3 - 9*h**2 + 11*h + 26. Determine i(5).
-19
Let n(l) = -l**2 + 35*l + 486. Give n(46).
-20
Let u(c) = -2*c**3 + 19*c**2 + 8*c + 24. Give u(10).
4
Let s(y) = 293*y + 2631. Give s(-9).
-6
Let x(a) = 6*a**3 - 29*a**2 - 35*a - 45. What is x(6)?
-3
Let t(h) = 113*h - 19. What is t(0)?
-19
Let m(v) = 649*v - 6. Calculate m(0).
-6
Let k(m) = -47*m - 295. Give k(-6).
-13
Let v(c) = -23*c - 56. Calculate v(-2).
-10
Let r(p) = -p**2 + 542*p + 32172. Determine r(-54).
-12
Let u(j) = 5*j**3 + 90*j**2 - j + 9. Calculate u(-18).
27
Let l(g) = -51*g - 559. Calculate l(-11).
2
Let d(j) = j**3 + 58*j**2 - 474*j - 1239. Calculate d(-65).
-4
Let i(x) = 302*x + 6950. Give i(-23).
4
Let o(z) = 5*z**2 - 546*z + 96. Give o(109).
-13
Let s(v) = -v**2 - 135*v + 406. Give s(3).
-8
Let k(i) = -i**2 + 32*i + 260. Calculate k(37).
75
Let j(l) = l**3 - 13*l**2 + 11*l - 41. Give j(6).
-227
Let j(l) = 244*l + 15617. Determine j(-64).
1
Let n(r) = -2*r**3 - 17*r**2 + 67*r + 6. What is n(3)?
0
Let o(n) = 4*n**2 - 103*n + 3. Give o(25).
-72
Let y(m) = 24*m**3 + 507*m**2 + 63*m + 2. What is y(-21)?
2
Let s(t) = -17*t - 92. What is s(4)?
-160
Let p(i) = -23*i + 105. Determine p(4).
13
Let s